 is the units digit of z(h)?
2
Let v = 114 - -60. What is the hundreds digit of v?
1
Let d = 0 - -4. Suppose d*u = 2*u + 66. What is the units digit of u?
3
Suppose 2*p - 65 = 87. Suppose -p = -5*r + r + 4*l, 9 = -3*l. What is the units digit of r?
6
Let j(w) be the second derivative of 0 - w + 0*w**3 + 0*w**2 + 5/12*w**4. What is the units digit of j(-1)?
5
Suppose p + 4*u = -0*u - 13, -4*p + 2*u = 88. Let o(t) = -29*t**3 - t**2 - t. Let a be o(-1). Let h = p + a. What is the units digit of h?
8
Let a = 33 + -16. What is the tens digit of a?
1
Let y(k) be the second derivative of k**5/60 + k**4/24 + k**3/6 - k**2/2 - 2*k. Let d(h) be the first derivative of y(h). What is the units digit of d(-2)?
3
Let k(o) = o**2 + 8*o - 2. Let r be k(-7). Let a(v) = 14*v**2 + 2*v - 1. Let g be a(1). Let j = g + r. What is the units digit of j?
6
Suppose t = 5*l + 33 + 6, 0 = -3*t + 12. Let z be 2/(-3) + (-47)/(-3). Let x = z + l. What is the units digit of x?
8
Let q(r) = -5*r**3 - 2*r**2 - r - 2. What is the units digit of q(-3)?
8
Suppose 2*a = 4*a - 4. Suppose 0 = y + a*s - s - 7, -3*y + 33 = -s. What is the tens digit of y?
1
Let m = -56 - -86. What is the tens digit of m?
3
Suppose 0 = m - 0*m - 22. What is the units digit of m?
2
What is the units digit of (28/7)/(4/54)?
4
Let t(j) = -j**2 - 24*j - 29. What is the tens digit of t(-17)?
9
Let i(p) = p**2 - 1. Let u(c) = 1 + 2*c**2 + 2*c**2 - 12*c + 10*c. Let o(r) = -3*i(r) + u(r). What is the units digit of o(4)?
2
Let n(c) = -4*c + 3*c + 0*c. Let j(w) = -w**3 + 4*w**2 - 4*w + 1. Let b be j(3). What is the units digit of n(b)?
2
Suppose -10 = -3*w - 4. What is the units digit of w?
2
Let s(h) = -h + 9. Let f be s(9). Let b(z) = 2 + f + 9*z**2 + 2 - 5. What is the units digit of b(1)?
8
Let t(n) = 2*n**2 + 22*n + 3. Let z(d) = -d**2 - 11*d - 1. Let g(v) = -2*t(v) - 5*z(v). Suppose -a + 60 = -6*a. What is the units digit of g(a)?
1
Suppose -2*b + 27 = 2*g + b, 0 = -3*b + 9. Suppose g = n - 1. What is the units digit of n?
0
Suppose 0 = -2*a + 4*n + 460, -5*a + 0*n - 3*n = -1215. What is the hundreds digit of a?
2
Let o(t) = -t**2 - 14*t - 19. What is the units digit of o(-8)?
9
Let z(s) = -s**3 - s**2 + 4*s - 1. Let o = 3 + -6. Let y be z(o). Suppose 0 = f - y + 2. What is the units digit of f?
3
Let h = -4 + 24. Suppose -3*z + h = z. Let s(l) = l**2 - 4*l - 3. What is the units digit of s(z)?
2
Let y(v) = -17*v + 8. What is the hundreds digit of y(-6)?
1
Suppose -4*i - 2*s + 450 = 0, -5*i = 3*s - 432 - 132. Suppose 0 = -5*r + 3*j + 230, -2*r + 4*r - 5*j - i = 0. What is the tens digit of r?
4
Let a = 46 - 0. What is the tens digit of a?
4
Suppose -2*m = 10, -292 = -4*l + 2*m - 94. What is the units digit of l?
7
Let p(d) = d**2 + 2*d. Let n = 3 - 11. Let h = -11 - n. What is the units digit of p(h)?
3
What is the units digit of 4/(-6) - (-3640)/42?
6
Let k(g) = 9*g**2 + 2*g - 6. What is the tens digit of k(5)?
2
Suppose 2 = y - 3. Suppose -4 + 9 = y*x, -13 = a + 2*x. What is the units digit of a/(-9) - (-3)/9?
2
Let q(u) be the third derivative of u**4/24 + u**3/6 + 5*u**2. What is the units digit of q(6)?
7
Let q = 12 - 1. Let k = q - 3. What is the units digit of k?
8
Let l(o) = o**2 - 6*o - 3. Let c be l(6). Let n(f) = 5*f + 2. Let x be n(c). Let a = -10 - x. What is the units digit of a?
3
Suppose 2*g - 3*l + 20 = 5, -3*l = 3*g + 15. Let a(h) = -h - 4. Let t be a(g). Suppose -4*d + 4*c = -12, 2*d = -t*c + c + 9. What is the units digit of d?
4
Suppose 2*z + u - 7 = -z, 0 = -4*z + 3*u + 5. Suppose 4*w + z*n + 66 = 0, -5*w + 2*n = n + 72. What is the units digit of w*(3 + (-20)/6)?
5
Let w(g) = -g**2 + 19*g - 38. What is the tens digit of w(16)?
1
Let p be 4/(-18) - (-148)/18. Let q = p - 7. What is the units digit of q?
1
Let h = 317 - 185. What is the tens digit of h?
3
Suppose 0 = -5*f + 12*i - 8*i + 661, -3*f - 4*i + 403 = 0. What is the hundreds digit of f?
1
Let p(x) = x**3 + 2*x**2 - 5*x - 4. Let r = -3 + 0. What is the units digit of p(r)?
2
Let z(k) be the third derivative of k**6/120 - k**5/12 + k**4/12 + 5*k**3/6 + k**2. Let g be z(4). Let b = g - -7. What is the units digit of b?
4
Let q(k) = k**3 + k**2 - 1. Let y(m) = 20*m**3 + 7*m**2 - 7. Let a(x) = -6*q(x) + y(x). Let i be a(1). Let t = i + -6. What is the units digit of t?
8
Let z(q) be the second derivative of -q**5/20 + q**4/3 + q**3/2 - q**2/2 - q. Let c be (-15)/(-6)*18/15. What is the units digit of z(c)?
7
Suppose 0*d + 5*d - 213 = -4*q, -5*q - 150 = -3*d. What is the tens digit of d?
4
Let j(o) = o**3 - 4*o**2 + 4*o + 3. What is the units digit of j(4)?
9
Suppose -6*w + w - 30 = 0. Let d = w + 12. What is the units digit of d?
6
Let z be (6/(-12))/(2/36). What is the units digit of -2*1*z/2?
9
Suppose 3*a + 0*a = 0. Suppose -2*l + 13 = 5*y, 5*y + 2 + 3 = a. Let o = l + -2. What is the units digit of o?
7
Let u = -60 - -101. What is the units digit of u?
1
Suppose -4*n - 3*p - 2 = 2, 3*n + 2*p = -2. Suppose -n*c + 84 = 2*r, -3*c + 61 = -r - 73. What is the units digit of c?
4
Suppose 0 = -k + 3*o + o - 12, -9 = 2*k - 3*o. Let m(c) = c - 2. Let i be m(6). Let d = k + i. What is the units digit of d?
4
Suppose -7 = -5*q + b, -3*q - 1 - 2 = -3*b. Suppose 0 = -5*n + 4*n + 10. Suppose 0 = -6*c + 2*c - 3*z + 60, c - n = -q*z. What is the tens digit of c?
1
Let p(y) be the second derivative of y**5/20 + 5*y**4/12 - 2*y**3/3 - 3*y**2 - 3*y. Let g be p(-5). What is the units digit of 3*1*g/6?
7
Suppose -4*j - 64 = -4*w, 5*w - 2*j + 0*j - 71 = 0. What is the units digit of w?
3
Suppose -t + 2*d = -0*d - 38, 4*t - 4*d = 144. What is the tens digit of t?
3
Let z(k) = k**2 + 11*k + 9. Let t be z(-11). Suppose 0 = 5*u - 18 - 7. Suppose t = u*c - 6. What is the units digit of c?
3
Let b(h) = -h**3 - 7*h**2 + 3*h - 8. Let c be b(-8). Suppose -3*q = -q - c. What is the tens digit of q?
1
Let z = -14 + 54. Suppose 5*o - 3*w - 7 + 25 = 0, -4*o - z = 4*w. What is the units digit of ((-6)/(-4))/(o/(-16))?
4
Let n(c) = c**2 - 6. What is the units digit of n(8)?
8
Let m be (-8 - -18)*2/4. Suppose m*k - 56 = 29. What is the tens digit of k?
1
Suppose 4*x + 0 = 4. What is the units digit of 38/((2 - 0)*x)?
9
Suppose 0 = -10*u + 4*u - 150. Let n = 29 + u. What is the units digit of n?
4
Let r(y) = -y**3 - 3*y**2 + 2*y - 1. Let q be r(-3). Let c(f) = -f + 6. What is the units digit of c(q)?
3
Let v(c) = c**2 - 3*c + 8. Let x(y) = -y**2 + 3*y - 9. Let n(o) = -6*v(o) - 5*x(o). Let p be n(3). What is the units digit of (p/1)/3*-1?
1
Suppose 25 = -z + 6*z. Suppose z = 5*w - 15. What is the units digit of w?
4
Let y(o) be the first derivative of -o**4/2 - o**3 - 3*o**2/2 - 1. What is the tens digit of y(-2)?
1
Let y(t) = t**3 - 20*t**2 + 18*t + 46. What is the hundreds digit of y(20)?
4
Let s be 4*-2 - 2/1. Let m = -6 - s. What is the units digit of m?
4
Suppose 2*r = 3*k + 21, 3*r + k - 14 = 2*k. Suppose -r*t + 44 = t. What is the tens digit of t?
1
Suppose 0 = -10*m - 188 + 1388. What is the hundreds digit of m?
1
What is the units digit of ((2 + -3)*-182)/1?
2
Let d be 1 + 0 + -6 + 3. Let f = d + 7. Suppose -4*v + 3 = -f. What is the units digit of v?
2
Suppose -3*z - 3*c + 6 = 0, 3 = -2*c + 1. What is the units digit of ((-92)/6)/((-2)/z)?
3
Suppose 0 = 2*d - 0*d - 12. Suppose 0*x = -i - x - d, i = 2*x - 18. What is the tens digit of 22/5*(-25)/i?
1
Let w(b) = 37*b. Let q = 29 - 28. What is the units digit of w(q)?
7
Suppose 4*y - 28 = 12. Let l = 19 - y. Suppose -2*x - x + l = 0. What is the units digit of x?
3
What is the units digit of 6*3/(-36)*-4?
2
Let p(u) = u**3 - 6*u**2 - 6*u + 2. What is the units digit of p(7)?
9
Let m(w) be the third derivative of w**5/15 + w**4/12 + w**3/6 - w**2. What is the units digit of m(2)?
1
Let o(g) = 3*g**3 + 26*g**2 + 17*g - 11. Let p(w) = w**3 + 9*w**2 + 6*w - 4. Let x(c) = -4*o(c) + 11*p(c). What is the tens digit of x(-5)?
1
What is the units digit of 3/(2/24*4)?
9
Let j = -305 + 481. Suppose 4*n + 84 = 2*b, -5*b + 8*b = -4*n + j. What is the tens digit of b?
5
Let k = 17 + 0. Suppose -k = -7*i + 3*i + 3*m, -m = 3*i - 3. What is the units digit of i?
2
Suppose 6*i = 2*i + 2*r - 4, -2*i - 2*r + 10 = 0. Suppose -a + 4 + i = 0. What is the units digit of a?
5
Let v(g) = g**3 - 3*g**2 - 2*g + 8. Let c be v(4). Le